e -d*q = s + s - 3282, 3279 = 4*q + 5*s. Is q prime?
True
Suppose 0 = -o + 2*d + 7 + 6, 3*d + 12 = 0. Is (-20)/(-8)*466/o a composite number?
False
Suppose -1269 = -4*y + 6339. Suppose -13*d + 7*d = -y. Is d a composite number?
False
Suppose 3*r + 2 - 33 = -4*k, 8 = -4*k. Suppose -r = -f - 0. Let q = -9 + f. Is q composite?
True
Let k(f) = -5*f**3 - 2*f + 1. Let j be k(1). Let g(t) = -9*t - 8. Let y be g(j). Suppose 4*b = -q - 9, -5*q + 3*b = -y - 24. Is q composite?
False
Let p be 8*-1*(-343)/14. Let y = 69 + p. Is y a prime number?
False
Suppose 0 = 2*n + 2*o - 40326, -40314 = -2*n - 3*o + 7*o. Is n a composite number?
False
Let u(c) = 6632*c**2 + 27*c - 2. Is u(3) prime?
False
Let x be 1/(-4) - 141/12. Let m = -8 - x. Suppose -3*z + v + 106 = -z, -m*z = -v - 212. Is z prime?
True
Let y(x) = 200*x - 1. Let l be y(4). Is l - 4 - 4/(-2) a composite number?
False
Let r be ((-27)/(-12))/((-3)/(-80)). Suppose -z + 17 = -4*w - r, -3*z + w = -220. Suppose -5*s = -y + 146, 2*y - 4*s - 201 = z. Is y a composite number?
False
Let i(n) = -9*n**2 - 4*n - 4. Let t be i(-1). Let v(a) = -67*a + 28. Is v(t) a prime number?
True
Let y(w) = 1255*w**2 - 5*w - 23. Is y(-3) prime?
True
Let l(r) = 13*r**3 - 11*r**2 - 3*r - 18. Let i be l(-9). Let t = -2294 - i. Is t a composite number?
True
Suppose 4*i + h - 8 = 0, 5*i - 27 = -3*h + 6*h. Suppose 19 = 2*v + 4*w + 7, 0 = i*w - 3. Is (v + -7)/(-1) - -328 a prime number?
True
Let k(m) = 98*m**3 - 2*m**2 - 11*m - 12. Is k(7) composite?
False
Suppose 2 = -s + 5. Let j(o) = 283*o + 1. Let f(c) = 71*c. Let l(v) = 9*f(v) - 2*j(v). Is l(s) a prime number?
False
Suppose 8*m + u + 130124 = 10*m, m = -4*u + 65071. Is m composite?
False
Let j = 75 - 56. Suppose -28030 = -j*o - 7472. Is o a composite number?
True
Suppose -t - 40 = -3*t. Suppose 25*q - 3325 = t*q. Suppose -3*b = -q + 176. Is b composite?
False
Suppose 32*u - 134098 = 44430. Is u a composite number?
True
Suppose 0 = -5*g + 5 + 20, -2*h + 11 = g. Suppose n = -4*r + h - 1, 3*r = -n + 2. Suppose 2*j = 5*c - 553, j - 554 = -5*c + n*j. Is c a prime number?
False
Let y = 150 - 141. Let t(v) = 12*v**2 + 3*v + 44. Is t(y) a composite number?
True
Let i = -36 + 54. Let t be 605 + 10 + 0 + 0. Suppose 5*a - 5*m = t, 3*a + 5*m - 319 = i. Is a composite?
True
Suppose -21 = 27*x + 6. Let k(a) be the second derivative of -111*a**5/20 + a**4/12 + a**3/3 + a**2/2 + a. Is k(x) a composite number?
True
Suppose 0 = 4*q + 4*l + 4, 3*l - 1 = -5*q - 0. Is q*(-1 - 45/4)*-2 a composite number?
True
Suppose -4*w - 112 = -0*w. Let k be 7 - (-7)/(w/8). Suppose -23 + 118 = k*f. Is f prime?
True
Suppose 19558 = 4*t + 10*t. Is t a prime number?
False
Let u be (-467)/(-1) + 8 + -9. Let v = -215 + u. Is v a prime number?
True
Let x(w) = 33*w + 44. Let k(l) = -l**3 + 7*l**2 + 2*l - 1. Let f be k(7). Is x(f) a prime number?
False
Suppose 2*i - r + 3*r - 28 = 0, r = 2. Let a be (7544/10)/1 - (-30)/(-75). Suppose i*n - 14*n = -a. Is n a prime number?
False
Let n(v) = -9*v**3 + 4*v**2 - 2*v - 3. Suppose -3 = -f - 5. Is n(f) composite?
False
Let f = -6831 + 11666. Is f prime?
False
Let l be (-58)/(-18) - 26/117. Suppose -y + 15 = 5*i, -i - l*y + 6 = -11. Suppose -2*s + 5*u + 2326 = 0, -2*s + 3245 = i*u + 919. Is s a composite number?
False
Suppose 3*r + 6*d = 4*d + 69779, 4*d = 3*r - 69773. Is r composite?
True
Suppose -20 = 4*a, 0 = 5*r - 2*a - 15863 - 12342. Is r composite?
False
Let t = -70941 + 143938. Is t a prime number?
True
Let r = -54 - -63. Suppose -15*f + 8862 = -r*f. Is f prime?
False
Let w(l) = l**3 - 4*l**2 - 2*l - 9. Let j be w(5). Is 58121/92 + j/(-8) a prime number?
True
Let m be (-10)/(-1 - -2 - 3). Let f = -1 + m. Suppose 9 = -5*x - 6, 0 = -f*z - 3*x + 587. Is z a prime number?
True
Let c = 1662 + 1489. Is c a composite number?
True
Is (-2 - 15/(-6))*9818 a composite number?
False
Let w(a) = -39*a + 12. Let h be w(-9). Suppose -2*c + h = c. Is c a composite number?
True
Let n = -82 - -91. Suppose -3071 = -n*k - 434. Is k a composite number?
False
Suppose 0 = 2*g + 3*w - 13042, -5*g + g - 5*w = -26084. Is g a composite number?
False
Let b be 8 + -4 + -4 + 5. Is (b - 5) + 121 + 0 prime?
False
Suppose 41 + 13 = 9*h. Suppose 3*j = h, -j + 4171 + 1226 = 5*i. Is i a prime number?
False
Suppose -2*g + y + 8 = 0, y = -4*g + 4*y + 16. Suppose -14 = -5*p - g. Suppose 0 = -5*l + 10, -l - 464 = -5*i + p*l. Is i composite?
True
Let o(k) = -228*k - 2 - 403*k - 941*k. Let m be o(-1). Suppose m = 4*c + c. Is c a prime number?
False
Suppose -h + 1 + 4 = 0. Let i be h/(-15) - 22/6. Is 203*(-1 - (i - -2)) a composite number?
True
Suppose -3*g + 4*w = 1117, -w - 2*w = -3*g - 1122. Is (-2)/(-1 + 3)*g prime?
True
Let x(l) = 63*l**2 - 20*l + 24. Is x(5) a composite number?
False
Suppose 11*j - 34304 = -2*h + 13*j, -j - 68611 = -4*h. Is h prime?
False
Let f(m) = m**3 - 17*m**2 - 70*m + 13. Is f(45) a composite number?
True
Let o(p) = -78*p**2 - 36*p - 9. Let y(s) = -52*s**2 - 24*s - 6. Let h(k) = 5*o(k) - 8*y(k). Is h(-4) prime?
False
Let z = -277186 + 762789. Is z a composite number?
False
Suppose 0 = b + d + 3*d - 7913, -3*b + 23718 = 5*d. Is b prime?
True
Let s(h) be the third derivative of -11*h**7/2520 + h**6/240 + h**5/12 + h**2. Let x(j) be the third derivative of s(j). Is x(-2) prime?
True
Let z be (631/(-3))/((-2)/12). Let m = -507 + z. Is m a prime number?
False
Suppose 0 + 8 = 2*g. Let r be g/(-18) + (-4)/(-18). Suppose 3*w - n - 142 = r, -w = -0*w - 2*n - 39. Is w prime?
False
Suppose -15*c = -6*c - 135. Suppose -c*o + 449 = -14*o. Is o a prime number?
True
Let s be ((-8)/(-6))/((-6)/9). Is (s - 2 - -487) + 2 a composite number?
True
Suppose -4*g = -2*f - 6, 4*f = 5*f + 1. Let t(v) = 0 - v + g + 32*v**2 - 6 + 1. Is t(-3) prime?
False
Suppose 2*v - 5104 = 2214. Is v a prime number?
True
Suppose -17988 - 53727 = -21*i. Is i composite?
True
Let g(y) = -2*y - 20. Let o be g(-11). Suppose s = -0*s. Suppose -o*n = -s*n - 1246. Is n prime?
False
Let h be (-5)/(-1)*(-15)/25. Is h/(2 - 405/201) prime?
False
Let m(f) = 33*f**2 - 8*f - 9. Let j be m(7). Suppose 4*y + 3726 = -3*q + q, -2*q + 919 = -y. Let b = j + y. Is b composite?
True
Let l(a) be the first derivative of -a**2 - 10*a - 5. Let k be l(-9). Let y = -1 + k. Is y composite?
False
Let o(f) = -f - 20. Let z be o(-5). Is 4890/(-12)*((-9)/z - 1) prime?
True
Let v(l) = 27*l - 6. Let p(f) = -1. Let k(q) = -2*p(q) + v(q). Let c(g) = 1403*g - 207. Let m(z) = 4*c(z) - 207*k(z). Is m(7) a composite number?
True
Let x(d) = 2 - d - 267*d**2 + 146*d**2 - 246*d**2. Let w be x(1). Let h = 65 - w. Is h a prime number?
True
Is (-159070)/25*(-5)/2 a composite number?
False
Suppose 5*a + 3 = 3*k + 2*a, -7 = -3*k + 2*a. Suppose -k*o + 2 = -8. Suppose o*t = -2*t + 2164. Is t a composite number?
False
Suppose 0 = 2*x + 4*x. Suppose 3*w - 173 + 1376 = x. Let c = 21 - w. Is c prime?
False
Let x be 538/6 + (-4)/6. Let g = x + 225. Suppose -a - g = -3*a. Is a composite?
False
Suppose -4*n = n + 30. Let v be (268/n)/(4/(-6)). Suppose -2*y = -v - 7. Is y prime?
True
Let p = -252 - 158. Let a = p + 865. Suppose -7*m + 2*m = -a. Is m a composite number?
True
Let u(n) = -26*n**3 + n**2 + 2*n + 4. Suppose 2*r - 20 = -0*r + 4*w, 2*w + 14 = 2*r. Let d be u(r). Is 9/6*d/(-6) composite?
False
Let s = -56 - -61. Suppose -46 = s*d - 2*b - 648, d + 3*b = 134. Is d a composite number?
True
Let h = 533 - 375. Let x = h + 41. Is x prime?
True
Suppose -19*l = -14*l - 4395. Let f be 0 - (-3 - (1 - 1)). Suppose f*r - 18 = l. Is r prime?
False
Let a(w) = w**3 - 8*w**2 - 8*w - 9. Let m be a(9). Suppose m = 2*q - 85 - 673. Is q composite?
False
Let y be -1 + (-20)/(-7 + 3). Suppose 0 = y*z + 4 - 16. Suppose k + 7 = g + 90, z*k = -g + 265. Is k a prime number?
False
Suppose -6*l + 12 = -10*l. Let x(g) = -1 + 7*g**2 + 3*g + 0*g**2 - 24*g**3 - 8*g**2. Is x(l) prime?
False
Let y = 280 + 1263. Is y prime?
True
Suppose 3*u - 1 = 8. Let d be u - (44 + (-2 - -1)). Let w = 73 + d. Is w prime?
False
Let b(k) be the third derivative of k**4/24 + 9*k**2. Let m be b(5). Suppose m*i = z - 72, -6*i = -i + 5. Is z a composite number?
False
Suppose 5*j = -19392 + 77547. Is j composite?
True
Let g(m) = m - 15. Let o(p) = p**2 + 3*p - 5. Let q be o(-6). Let j be g(q). Is ((-2)/(-3))/(j/(-111)) composite?